4?
892
Calculate the greatest common divisor of 1546 and 23850142.
1546
Calculate the highest common factor of 1946097 and 477.
9
Calculate the greatest common divisor of 204723 and 9936.
207
What is the greatest common factor of 3625 and 20841430?
145
Calculate the highest common factor of 382134967 and 11636.
2909
Calculate the greatest common divisor of 872 and 84808.
8
Calculate the greatest common divisor of 2235 and 6695762.
149
Calculate the highest common divisor of 4890222 and 108.
18
What is the greatest common divisor of 500 and 6620?
20
Calculate the highest common divisor of 4617 and 115665939.
171
What is the greatest common divisor of 4440924 and 18372?
12
What is the highest common divisor of 100367 and 286739?
167
What is the highest common divisor of 66464 and 70082134?
4154
Calculate the greatest common divisor of 833931 and 382592.
2989
What is the highest common factor of 6 and 75441996?
6
Calculate the highest common factor of 189148863 and 12526.
6263
What is the greatest common divisor of 2298630 and 1351?
193
What is the highest common factor of 83129525 and 8850?
1475
Calculate the highest common factor of 1376 and 3088864.
32
Calculate the highest common factor of 6384 and 74032.
112
Calculate the greatest common divisor of 30140192 and 8705.
1741
What is the greatest common divisor of 3 and 5425193?
1
Calculate the greatest common factor of 56608 and 699304.
488
Calculate the greatest common factor of 2805 and 93245.
85
Calculate the greatest common factor of 2109565 and 320.
5
Calculate the greatest common divisor of 900 and 136428.
12
Calculate the highest common divisor of 541558463 and 41.
41
Calculate the greatest common divisor of 2234818 and 5934.
46
What is the highest common divisor of 3818035 and 11174?
151
Calculate the greatest common divisor of 1181175 and 525.
75
What is the highest common factor of 1350123645 and 94?
47
What is the highest common factor of 54810 and 155904?
1218
What is the highest common factor of 199545 and 115460?
1255
Calculate the highest common divisor of 126 and 23031540.
126
Calculate the highest common factor of 39528 and 144469350.
1098
What is the highest common factor of 621228 and 120?
12
Calculate the highest common divisor of 81035566 and 2414.
2414
Calculate the highest common divisor of 38 and 243363761.
19
What is the greatest common factor of 155 and 37844335?
155
What is the highest common factor of 5104170 and 45?
45
Calculate the highest common factor of 317844 and 4954284.
2916
Calculate the greatest common factor of 74 and 111806.
2
What is the highest common factor of 327 and 5394301?
109
What is the greatest common divisor of 14 and 4574374?
14
What is the highest common divisor of 90595 and 4480?
5
What is the greatest common factor of 23120 and 18904?
136
Calculate the highest common divisor of 13916 and 3277076.
284
Calculate the highest common divisor of 4437765 and 3315.
255
What is the greatest common divisor of 4000321 and 513383?
5083
Calculate the greatest common divisor of 2535 and 21887697.
507
What is the highest common divisor of 165446597 and 62?
31
What is the highest common factor of 1016418984 and 952?
952
Calculate the highest common factor of 101148 and 1404.
12
What is the greatest common divisor of 42176 and 5512535?
659
Calculate the highest common divisor of 244490262 and 19818.
2202
What is the greatest common divisor of 9 and 11703762?
9
Calculate the greatest common factor of 288944616 and 7232.
904
Calculate the highest common factor of 105 and 91456239.
21
Calculate the highest common divisor of 1660 and 3467325.
415
What is the highest common factor of 13296 and 8706664?
2216
What is the highest common divisor of 19 and 45581513?
19
What is the greatest common factor of 95463216 and 144?
144
What is the highest common divisor of 1694 and 2161313?
77
Calculate the highest common divisor of 7129381 and 5026.
2513
What is the highest common factor of 417122 and 365?
73
What is the highest common divisor of 43165 and 9565?
5
What is the greatest common divisor of 238 and 4453078?
14
What is the greatest common divisor of 4380468 and 24?
12
Calculate the greatest common divisor of 2164256 and 61664.
1504
Calculate the greatest common divisor of 6 and 4351258.
2
What is the greatest common factor of 2255 and 452435?
205
Calculate the highest common divisor of 6318237 and 187.
17
What is the highest common divisor of 2505969 and 292254?
2181
What is the highest common divisor of 700284 and 62913?
201
What is the highest common divisor of 5913 and 176530644?
1971
Calculate the highest common factor of 72867715 and 11629.
401
What is the greatest common factor of 1290 and 32145?
15
What is the highest common factor of 714428294 and 5828?
2914
What is the highest common factor of 47992257 and 9?
9
Calculate the greatest common factor of 5135900 and 539.
77
What is the greatest common factor of 3230426 and 116?
58
Calculate the greatest common divisor of 359970 and 7410.
390
What is the greatest common factor of 8651099 and 1007?
19
What is the highest common divisor of 112 and 4200932?
4
What is the highest common factor of 86850348 and 66300?
2652
Calculate the highest common divisor of 400544 and 160.
32
What is the highest common factor of 38 and 891119?
19
Calculate the greatest common divisor of 1422564 and 56628.
1716
What is the highest common divisor of 249584 and 2185?
19
Calculate the highest common divisor of 1575616 and 2492.
28
What is the greatest common factor of 2381 and 1110?
1
Calculate the highest common factor of 216 and 3250017.
27
Calculate the highest common factor of 140 and 880831000.
140
Calculate the highest common factor of 2588160 and 92675.
1685
What is the highest common factor of 572954712 and 264?
264
What is the highest common factor of 158383557 and 279?
279
What is the highest common factor of 1656 and 27421152?
552
Calculate the greatest common factor of 15 and 45249.
3
What is the highest common divisor of 48792177 and 84?
21
Calculate the highest common divisor of 3833423 and 23635.
29
What is the highest common factor of 320700 and 34100?
100
Calculate the greatest common factor of 4 and 7742068.
4
What is the greatest common divisor of 171445185 and 15?
15
What is the greatest common factor of 43776 and 26842554?
342
What is the highest common factor of 6609267 and 24353?
343
What is the highest common divisor of 49728 and 38592813?
777
Calculate the highest common divisor of 48240 and 2286040.
2680
Calculate the highest common divisor of 91712091 and 813.
813
Calculate the highest common factor of 19057 and 44089823.
323
Calculate the highest common factor of 120 and 2805353400.
120
Calculate the highest common factor of 93000551 and 56.
7
What is the greatest common divisor of 646 and 28286402?
646
What is the highest common divisor of 61740 and 387870?
210
What is the highest common factor of 18084 and 362428?
44
Calculate the greatest common divisor of 40 and 118820456.
8
What is the highest common divisor of 10644 and 59412?
12
What is the greatest common factor of 7 and 2718191?
7
Calculate the highest common divisor of 15931 and 10041184.
179
What is the greatest common factor of 7050582 and 23247?
63
What is the highest common factor of 10780293 and 1396853?
10663
Calculate the highest common factor of 40481 and 19579.
7
Calculate the highest common divisor of 14643273 and 493476.
2091
Calculate the greatest common divisor of 288494 and 49.
1
Calculate the greatest common factor of 33202 and 19201.
13
What is the greatest common divisor of 1550790 and 180?
90
What is the highest common divisor of 183498482 and 4055?
811
What is the greatest common divisor of 10230 and 120010?
110
What is the greatest common divisor of 857355 and 549?
183
Calculate the greatest common factor of 47 and 48284557.
47
Calculate the highest common divisor of 3819606 and 462.
42
What is the greatest common factor of 1246 and 4794433560?
1246
What is the highest common divisor of 513 and 495642873?
57
Calculate the greatest common factor of 889791184 and 656.
656
Calculate the highest common factor of 444285 and 960.
15
Calculate the greatest common factor of 52683 and 219147.
51
What is the highest common facto